se a + 3*a - 8 = 0. What is the units digit of w(a)?
7
Suppose 0 = x - 4*r + 22, 3*x + 2*x + 2*r = 0. Let q = 3 + x. Suppose 5*a - 11 = -q. What is the units digit of a?
2
Let i(z) = 3*z**2 + 4*z - 1. What is the tens digit of i(3)?
3
What is the tens digit of 4/1 + (-21)/(-3)?
1
Let r(l) = 5 - l**2 - l**2 + 3*l**2 + 7*l + l. What is the units digit of r(-8)?
5
Suppose 3*c - l = 19, c + 2*l = -2*c + 16. Let s be (-1)/3 + 26/c. Let u(h) = -h**3 + 6*h**2 - 4*h - 3. What is the tens digit of u(s)?
1
Let z = 7 + -14. What is the units digit of 1495/35 - 2/z?
3
Let x be 6/8 - (-18)/(-24). Suppose -5*b + 40 = -x*b. What is the units digit of b?
8
Let g(m) = -m**3 - 4*m**2 + 5*m + 2. Let y(z) be the first derivative of z**3/3 + 5*z**2/2 - z + 3. Let b be y(-4). What is the units digit of g(b)?
2
Suppose -2*b + 4*d + 16 = 0, 4*b - d + 2*d - 5 = 0. Suppose -2*c = j - 4, j + j + b = c. Let x = 2 - j. What is the units digit of x?
2
Suppose -5*o + 89 = -4*j, 0 = 4*o + 3*j - j - 92. What is the tens digit of o?
2
Let p = 480 - 203. What is the tens digit of p?
7
Suppose 4*a + 0*a + 20 = 0, -a = 2*k + 5. Suppose q - 17 = -0*g - 3*g, k = g + 4*q - 13. What is the units digit of g?
5
Let c(p) = 4*p - 2. Let n be 4 + 1*(2 + 0). What is the tens digit of c(n)?
2
Let b = 26 + 11. What is the units digit of b?
7
Let r(z) be the third derivative of z**4/12 - 7*z**3/6 - 3*z**2. What is the units digit of r(6)?
5
Let p = 25 + -17. Let h = p - 5. Suppose h*t - 2 = -4*b + 1, -35 = -4*t + 5*b. What is the units digit of t?
5
Suppose 4*j = 5*d - 55, j - 12 = 2*j - 3*d. What is the units digit of (16/3)/((-10)/j)?
8
Let h = 67 - -77. What is the units digit of h?
4
Suppose z = -z + 164. What is the tens digit of z?
8
Let f(d) = 2*d**2 + 7*d - 1. What is the tens digit of f(5)?
8
Suppose n - 8 = 5*n. Let q = n - -2. What is the units digit of (q - 7)/(-1) + -1?
6
Let b be 2 + -4 + 182 + -1. Suppose 0 = -4*c - h + b, -c - 5*h + 37 = -22. What is the units digit of c?
4
Suppose -3*l + 63 = -4*b + 176, 0 = -l - 3. Let g = -2 + 3. What is the units digit of (b/(-4))/(g/(-2))?
3
Suppose 0 = -u + 2*d, -3*d + 45 = 5*u + 2*d. Suppose 40 = -l + u*l. What is the units digit of l?
8
Suppose -5*z + 19 = 4. Suppose 0 = z*v - 25 - 5. What is the tens digit of v?
1
Let r be ((-3)/(-6))/(2/96). Let i be (-152)/12 - (-2)/(-6). Let h = i + r. What is the units digit of h?
1
Let i(n) = 5*n + 10. What is the tens digit of i(19)?
0
Let q(w) = -3*w + 6 - 7 - 3. What is the units digit of q(-2)?
2
Suppose f + 4*w + 38 - 90 = 0, -2*f - w = -132. Let u be 4/6 + f/6. Let c = -5 + u. What is the units digit of c?
7
Suppose 4*j - 5 = 3*j. What is the units digit of j?
5
Let a = 8 + -6. Let n(p) = 4 + 0*p**2 - 2*p - 5 + p**a. What is the units digit of n(4)?
7
Let h(q) = q**2 + 8*q - 6. Let m be h(-9). Let f = m + 2. What is the units digit of f?
5
Let o(f) = f**3 + 6*f**2 + 5. Let k be o(-5). Let l = 51 - k. What is the tens digit of l?
2
Suppose f - 5*f = 24. Let a = 6 + f. Let j = a - -3. What is the units digit of j?
3
Let z(p) = -p**3 + 9*p**2 - 8*p + 6. Let k be -20*((-51)/15 + 3). What is the units digit of z(k)?
6
Let x be (-170)/(-4) + (-8)/16. What is the tens digit of (x/(-4))/((-9)/24)?
2
Let h = 113 - 70. What is the tens digit of h?
4
Suppose 81 = 4*v - 219. What is the units digit of v?
5
Suppose -6*z = -5*z - 22. What is the units digit of z?
2
Let r(d) = -3*d**3 - 48*d**2 - 28*d + 47. Let g(w) = -w**3 - 16*w**2 - 9*w + 16. Let z(t) = -17*g(t) + 6*r(t). What is the units digit of z(-15)?
0
Let l(r) = 9*r + 30. Let x(n) = 2*n + 6. Let p(d) = 2*l(d) - 11*x(d). Let y be p(-4). Let o = y + -4. What is the units digit of o?
6
Let k = 50 - 7. Let s be 0 + 2/1 - -3. Suppose k + 2 = s*n. What is the units digit of n?
9
Let v(f) = -f. What is the tens digit of v(-16)?
1
Suppose 4*c + 20 = 2*u, -2*c = -5*u - 1 + 19. Let j(l) = 2*l + 0*l**2 - l**2 - 5 + 2*l**2. What is the units digit of j(c)?
3
Let z be 4/10 - 132/30. Let w(i) = -i**2 - 6*i + 2. What is the units digit of w(z)?
0
Let r(w) = 6*w**3 - 14*w**2 + 8*w - 1. Let m(n) = n**3 - n**2 - n + 1. Let q(j) = 5*m(j) - r(j). What is the tens digit of q(7)?
1
Let u(s) = s**3 + 6*s**2 + 2*s + 8. Suppose 4*g - d = -20, -2*g + 5*d = -0*g - 8. Let q be u(g). What is the units digit of q/(-2) + 3 - 2?
3
Suppose 10 = 4*k + 2. Suppose 0 = k*i + i - 81. What is the units digit of i?
7
Let h = -2 - -6. What is the units digit of (3 + 7)*6/h?
5
Suppose 3*h + 12 = 0, -3*v - 129 = -2*h - 815. What is the units digit of 8/6 - v/(-6)?
9
Let h(l) = -l**3 + l**2 + 3*l + 236. What is the units digit of h(0)?
6
Let a(l) = 2*l + 1. Suppose 3*w + 12 = -0*w. Let f = w - -5. What is the units digit of a(f)?
3
Let d(v) = v**3 - 5*v**2 + 6*v - 4. Let a be d(4). Let p = -10 + 29. Suppose 0 = -h - 0 - a, 3*m - h = p. What is the units digit of m?
5
Let p(n) = n**3 - 5*n**2 + 6*n - 1. Let y be p(4). Suppose y = -4*l - 9. What is the units digit of (l + 2 - -2) + 3?
3
What is the units digit of 12/15 + (-6)/(-60)*2?
1
Suppose -4*x + 328 = -20. What is the tens digit of x?
8
Suppose 89*j = 83*j + 2448. What is the units digit of j?
8
Let q(h) = h + 2. Let r be (1*-3)/3 + 3. Let k be q(r). Suppose -o + 3 = -k. What is the units digit of o?
7
Let r be 27 + -3*(-2)/(-3). Let s = r - 15. What is the units digit of s?
0
Let x(d) = d**3 - 5*d**2 - 4*d - 7. Let w(s) = s**3 + 4*s**2 - s + 2. Let m be w(-4). Suppose 0 = -g - 0 + m. What is the units digit of x(g)?
5
What is the units digit of 2100/27 - (-12)/54?
8
Let r = 56 - 30. Suppose m = -h + 2*h + r, 0 = m + 5*h - 2. What is the tens digit of m?
2
Let o be 3 + (-2)/(-1) + 0. Let c = 7 + o. What is the units digit of c?
2
Let i = -3 - -15. Let o = 13 - i. What is the units digit of o?
1
Suppose -7*m + 264 = m. What is the units digit of m?
3
Let r be 35/(5/(-3) + 2). Suppose 5*u = -0*u + r. What is the tens digit of u?
2
Let r(k) = 34*k**2 - k. What is the tens digit of r(-1)?
3
Suppose -3*q = v - 48, -2*v = -4*v + 2*q + 112. What is the tens digit of v?
5
Suppose 2*l + 70 = -4*f, 5*f + 80 = -0*f - l. Let j = f + 40. What is the tens digit of j?
2
Suppose -2*i = 3*i - 30. Suppose i*u = u + 10. What is the units digit of u?
2
Suppose -q = q - 2. Let j be (-2 - 1)/(-3) + q. Suppose -8 = -4*b + j*b. What is the units digit of b?
4
Let j(k) = 3 - k**2 - 7*k - k - 7. Let f be j(-7). Suppose -f*b - b - 4 = 0, p - 2*b = 9. What is the units digit of p?
7
Let d(c) = -c. Let z(i) = 10*i - 2. Let q(y) = 6*d(y) + z(y). Let a be q(-2). What is the units digit of (-1)/5 - 62/a?
6
Let u(g) = -g**2 + 11*g - 6. Let t be u(5). Let d be (-958)/8 - 6/t. What is the units digit of 4/10*d/(-8)?
6
Let k(l) = -l**3 - 11*l**2 - 14*l - 18. What is the tens digit of k(-10)?
2
Suppose 4 = -2*f - 4. Suppose -y + n = 3*n - 2, 3*n = 4*y - 8. Let s = y - f. What is the units digit of s?
6
Let m(j) = -4*j - 7. Let q be (-1 + 0)*(0 - -5). What is the tens digit of m(q)?
1
Let n = 11 + 26. What is the units digit of n?
7
Suppose 130 = 4*y + k, -5*y - 3*k + 166 = -0*k. What is the tens digit of y?
3
What is the units digit of (-52)/6*(-12)/8?
3
Let c = -23 + 32. Let z(b) = b**3 - 8*b**2 - 9*b + 12. What is the units digit of z(c)?
2
Let p(c) = -c**2 - 8*c. Let j be p(-8). Let w = j + -1. Let v = w - -5. What is the units digit of v?
4
What is the units digit of (-3)/((18/(-20))/3)?
0
Suppose 3*i = -2*q + 324, 0*i = 3*i - 4*q - 324. Suppose -3*a = -7*a + i. What is the units digit of a?
7
Let c = 20 + -5. Let k be 15/(-30) + 1/2. Suppose -c = -5*d - k. What is the units digit of d?
3
Let o be -3 - 4/6*-6. Suppose -3 = c - o. What is the units digit of (-4)/c*1 + 1?
3
Let c be (-27)/(-12) + (-3)/12. Suppose -15 = -i - c*i. What is the units digit of i?
5
Suppose -18*x + 105 = -17*x. What is the tens digit of x?
0
What is the units digit of 123/9 - 6/9?
3
Let x(l) = 24*l + 48. What is the tens digit of x(15)?
0
Suppose s = -g + 220, s - 5*g = -s + 475. What is the hundreds digit of s?
2
Let m be 924/(-30) - (-1)/(-5). Let b = m + 47. What is the tens digit of b?
1
Let l be -5*1/2*2. Let n(c) be the first derivative of c**3/3 + 5*c**2/2 + 6*c - 5. What is the units digit of n(l)?
6
Let w be (9/15)/((-3)/(-15)). Suppose -w*i = -2*b + 2, -i - b = -2*b. What is t